{"id":603,"date":"2026-04-03T14:44:52","date_gmt":"2026-04-03T12:44:52","guid":{"rendered":"https:\/\/npk.nu\/shop\/?post_type=product&#038;p=603"},"modified":"2026-04-05T17:49:30","modified_gmt":"2026-04-05T15:49:30","slug":"intro-havskajak-vuxna-kurs2","status":"publish","type":"product","link":"https:\/\/npk.nu\/shop\/produkt\/intro-havskajak-vuxna-kurs2\/","title":{"rendered":"Introduktion i havskajak f\u00f6r vuxna 2 dagar, s\u00f6ndagar 31\/5 och 14\/6"},"content":{"rendered":"<div>\n<div><strong>V\u00e4lkommen!<\/strong><\/div>\n<div><\/div>\n<div>Vad roligt att du vill b\u00f6rja paddla havskajak med oss i NPK! Efter genomf\u00f6rd introduktion \u00e4r du varmt v\u00e4lkommen att forts\u00e4tta paddla tillsammans med oss i klubben.<\/div>\n<div><\/div>\n<div>Vi paddlar regelbundet p\u00e5 tisdags- och torsdagskv\u00e4llar med utg\u00e5ngspunkt fr\u00e5n Smithska udden. Ut\u00f6ver dessa kv\u00e4llar anordnar vi \u00e4ven gemensamma turer, interna utbildningar och bass\u00e4ngtr\u00e4ning under vintern. Framf\u00f6r allt erbjuder vi ett h\u00e4rligt umg\u00e4nge med andra paddelintresserade!<\/div>\n<div><\/div>\n<div><strong>Inneh\u00e5ll i introduktionen:<\/strong><\/div>\n<div>\u2022 Information om utrustning s\u00e5som kajaker, paddlar med mera samt hantering och sk\u00f6tsel<\/div>\n<div>\u2022 Paddlingens grunder, till exempel i- och urstigning, fram\u00e5t- och bak\u00e5tpaddling, sv\u00e4ngar, st\u00f6ttningar och att ligga flotte<\/div>\n<div>\u2022 R\u00e4ddningsteknik<\/div>\n<div><\/div>\n<div><strong>Datum:<\/strong><\/div>\n<\/div>\n<div>Introduktionen \u00e4r tv\u00e5 dagar.<\/div>\n<div><span dir=\"ltr\">S\u00f6ndagen den 31\/5 kl. 10:00-16:00<\/span>\u00a0p\u00e5 Delsj\u00f6n &amp;\u00a0<span dir=\"ltr\">s\u00f6ndagen den 14\/6 kl. 10:00-16:00<\/span>\u00a0p\u00e5 Smithska udden.<\/div>\n<div><\/div>\n<div>\n<div><strong>F\u00f6rkunskapskrav:<\/strong><\/div>\n<div>Du ska kunna simma minst 200 meter.<\/div>\n<div><\/div>\n<div><strong>I avgiften ing\u00e5r<\/strong><\/div>\n<div>L\u00e5n av kajak, paddel, flytv\u00e4st och kapell.<\/div>\n<div>I kursavgiften ing\u00e5r medlemskap i klubben f\u00f6r 2026.<\/div>\n<\/div>\n<p>&nbsp;<\/p>\n<p>T\u00e4nk p\u00e5 att du kan\/kommer bli bl\u00f6t. V\u00e4lj passande kl\u00e4der, ex. tr\u00e4ningskl\u00e4der eller badkl\u00e4der. Skydda din mobiltelefon p\u00e5 l\u00e4mpligt s\u00e4tt.<\/p>\n<p>Mer information finns h\u00e4r: <a href=\"https:\/\/npk.nu\/kurser\" target=\"_blank\" rel=\"noopener\">https:\/\/npk.nu\/kurser<\/a><\/p>\n","protected":false},"excerpt":{"rendered":"<p>V\u00e4lkommen! Vad roligt att du vill b\u00f6rja paddla havskajak med oss i NPK! Efter genomf\u00f6rd introduktion \u00e4r du varmt v\u00e4lkommen att forts\u00e4tta paddla tillsammans med oss i klubben. Vi paddlar regelbundet p\u00e5 tisdags- och torsdagskv\u00e4llar med utg\u00e5ngspunkt fr\u00e5n Smithska udden. Ut\u00f6ver dessa kv\u00e4llar anordnar vi \u00e4ven gemensamma turer, interna utbildningar och bass\u00e4ngtr\u00e4ning under vintern. Framf\u00f6r [&hellip;]<\/p>\n","protected":false},"featured_media":602,"comment_status":"closed","ping_status":"closed","template":"","meta":[],"product_brand":[],"product_cat":[23],"product_tag":[],"class_list":{"0":"post-603","1":"product","2":"type-product","3":"status-publish","4":"has-post-thumbnail","6":"product_cat-kurser","8":"first","9":"instock","10":"virtual","11":"sold-individually","12":"purchasable","13":"product-type-simple"},"_links":{"self":[{"href":"https:\/\/npk.nu\/shop\/wp-json\/wp\/v2\/product\/603","targetHints":{"allow":["GET"]}}],"collection":[{"href":"https:\/\/npk.nu\/shop\/wp-json\/wp\/v2\/product"}],"about":[{"href":"https:\/\/npk.nu\/shop\/wp-json\/wp\/v2\/types\/product"}],"replies":[{"embeddable":true,"href":"https:\/\/npk.nu\/shop\/wp-json\/wp\/v2\/comments?post=603"}],"wp:featuredmedia":[{"embeddable":true,"href":"https:\/\/npk.nu\/shop\/wp-json\/wp\/v2\/media\/602"}],"wp:attachment":[{"href":"https:\/\/npk.nu\/shop\/wp-json\/wp\/v2\/media?parent=603"}],"wp:term":[{"taxonomy":"product_brand","embeddable":true,"href":"https:\/\/npk.nu\/shop\/wp-json\/wp\/v2\/product_brand?post=603"},{"taxonomy":"product_cat","embeddable":true,"href":"https:\/\/npk.nu\/shop\/wp-json\/wp\/v2\/product_cat?post=603"},{"taxonomy":"product_tag","embeddable":true,"href":"https:\/\/npk.nu\/shop\/wp-json\/wp\/v2\/product_tag?post=603"}],"curies":[{"name":"wp","href":"https:\/\/api.w.org\/{rel}","templated":true}]}}